 + i. Let r(f) = f**3 + f**2 - 3*f + 2. What is the remainder when r(2) is divided by i?
2
Let a(r) = r**2 + r - 2. Let w be a(0). Suppose -4*g - 16 = 4*h, h + 4 = -2*g + 1. Calculate the remainder when 3 is divided by g*w + 8 + -4.
1
Let t(w) = -w**3 + 12*w**2 + 2*w - 7. What is the remainder when t(12) is divided by 5?
2
Let j(o) = o**3 - o**2 - 6*o - 2. Let w be j(-4). Let u = w - -116. Let l(v) = -7*v - 1. Calculate the remainder when u is divided by l(-3).
18
Let t(b) = b**3 + 6*b**2 - 7*b - 6. Let k be (-106)/(-5) - (-8)/10. Let u = k + -9. Calculate the remainder when t(-6) is divided by u.
10
Let b(g) = 2*g - 2. Let s be b(3). Suppose s*z + 74 = 6*z. Calculate the remainder when z is divided by 19.
18
Let a = -11 - -1. Calculate the remainder when (-306)/a + (-14)/(-35) is divided by 8.
7
Calculate the remainder when (-3)/6*(7 + -79) is divided by 11.
3
Suppose -t = t - 5*v - 66, 3*t - 74 = -5*v. Suppose 2*z - z - 42 = 0. What is the remainder when t is divided by (-1)/(-1) + z/3?
13
Let k(d) = 2 + 1 + d + 4*d - 2. Suppose -r = -6*r + 60. Calculate the remainder when k(4) is divided by r.
9
Let o(v) = -v + 14. Let c be o(10). Suppose -5*i - 6 = c*r, -1 - 1 = 2*r + 2*i. Calculate the remainder when 3 is divided by r.
0
What is the remainder when 3*(-175)/(-30)*2*1 is divided by 9?
8
Suppose 2*y - 3*y - 5 = -3*x, -5*y = 5*x - 15. What is the remainder when (-1)/x*(-2 - 26) is divided by 5?
4
Let j(x) = -x - 4. Calculate the remainder when 24 is divided by j(-11).
3
Suppose -11 - 14 = -5*k, -41 = -2*q - 5*k. Suppose 2 = -r + q. What is the remainder when 23 is divided by r?
5
What is the remainder when (-2)/(12/(-27))*8/12 is divided by 3?
0
Suppose 3*x = 1 + 38. Calculate the remainder when 37*1 + (2 - 1) is divided by x.
12
Let f be (-4 - -2)/((-4)/10). Let n be -3 - (-3 - (-3 - -3)). Let q = f + n. What is the remainder when 8 is divided by q?
3
Let p(q) = -q. Let z(c) = c**2 - 18*c - 14. Let x be z(10). What is the remainder when 2/6 + x/(-6) is divided by p(-6)?
4
Suppose 2*u + 6 = 3*v, 2 = 3*v - 3*u - 7. Suppose 3*n + 43 - 166 = v. What is the remainder when n is divided by 13 - 2*(-4)/8?
13
Suppose 2*z = -5*u + 36, -4*z + 5*u + 54 = -z. What is the remainder when z is divided by 10?
8
Let v = -26 - -36. Suppose v*x - 5*x = 20. Calculate the remainder when x is divided by 3.
1
Suppose 0 = -4*y + 4*l + 196, 0 = -2*y + l + 21 + 72. Suppose 70 = 4*s - 3*r - 9, 4*s + 4*r - y = 0. Calculate the remainder when 29 is divided by s.
13
Let u = 23 + -20. Calculate the remainder when 10 is divided by u.
1
Suppose -3*x = -6*x + 9. Let c = x + 8. Suppose 2*k - 6 - 8 = 0. Calculate the remainder when c is divided by k.
4
Let m(y) = 5*y - 1. Let b be (-3 + 3)/(3/3). Suppose b = -4*d - 0*d + 20. Calculate the remainder when m(3) is divided by d.
4
Suppose -59 + 11 = -3*d. What is the remainder when 28 is divided by d?
12
Let s(g) = -g**3 - 6*g**2 + 9*g - 5. Calculate the remainder when s(-8) is divided by 13.
12
Let r(y) = 3*y**2 + 2*y - 1. Suppose -l = 5*k - 211, 0 = -4*k + l + 115 + 52. Calculate the remainder when r(1) is divided by k/18 - (-1)/(-3).
0
Let f be (1 - 0)/((-2)/(-16)). Let h = f - 5. Suppose h = -k + 31. What is the remainder when 55 is divided by k?
27
Suppose -3*m - 120 = -6*i + 3*i, -3*m = 3. Calculate the remainder when i is divided by 14.
11
Suppose -7*q + 106 + 202 = 0. What is the remainder when 84 is divided by q?
40
Suppose h + 8 = -2*m + 4*m, -h + 4*m = 18. Suppose -h*f - 4*p + 2 = 0, 4*f - 4*p = 28 - 0. Calculate the remainder when 9 is divided by f.
4
Let l be (-6)/4*1*-18. Let r = l - 15. Suppose 2 = -3*q + 23. What is the remainder when r is divided by q?
5
Let b = -7 - -11. Calculate the remainder when 1/(-2)*-1*b is divided by 0 + 0 - (1 - 2).
0
Let n be (-2)/(-9) + (-356)/(-18). Suppose -2*b - 5*w = -n, 4*b + 3*w = -0*w + 54. What is the remainder when b is divided by 9?
6
Suppose -5*p + b = -b - 290, 2*p - 116 = 5*b. Let c = p + -41. Let d(m) = -24*m + 2. What is the remainder when d(-2) is divided by c?
16
Let a(v) = 1 + 5*v - 6 + 0. Calculate the remainder when a(4) is divided by (38/57)/(2/12).
3
Let a(l) = -3*l + 2. Let f = 109 - 78. Let u = f - 9. Calculate the remainder when u is divided by a(-2).
6
Let r(l) = -l - 3. Let t be r(-3). Calculate the remainder when 1 is divided by (1*(2 + t))/2.
0
Suppose -2*i - i = 0. Let g be i/((-6)/(-3) + 0). Suppose g = m - 2. What is the remainder when m is divided by 2?
0
Let o = 15 - 3. Calculate the remainder when 22 is divided by o.
10
Let s(n) = n**2 - 9*n + 2. Let k be s(9). Suppose -k*d - 3*d = -50. What is the remainder when d is divided by 3?
1
Let g be 10*-1*(-45)/6. Suppose -5*s + g = -140. Calculate the remainder when s is divided by 15.
13
Let c = -4 + 6. Let a = 5 - c. What is the remainder when 3 is divided by a?
0
Suppose -5*w - 10 = -4*g + 5*g, 4*w = -3*g + 3. What is the remainder when g is divided by 1?
0
Suppose -2*b = -h + 1, -3 = -3*h + 3*b - b. Let x be 0/(h + -5 + 2). Suppose x = 3*g - 6*g + 30. Calculate the remainder when g is divided by 4.
2
Calculate the remainder when (1/(-3))/(6/(-2466)*1) is divided by 6.
5
Suppose 2 = 4*l - 26. Suppose 5*n + 162 = 37. Let y = n - -38. Calculate the remainder when y is divided by l.
6
Calculate the remainder when (1/(-3))/((-8)/1272) is divided by 27.
26
Suppose 0 = -2*o - 2*k + 3 + 5, 0 = 5*o + 2*k - 14. Suppose -14 - 24 = -o*a. Calculate the remainder when ((-55)/(-2))/((-1)/(-2)) is divided by a.
17
Suppose 3*g = 9, 2*f - 5*g + 7 = -2*f. Let a(t) = -t**2 + 6*t + 4. What is the remainder when a(4) is divided by -21*(-1)/6*f?
5
Let z = -75 - -87. What is the remainder when 70 is divided by z?
10
Suppose -20*g + 23*g = 30. Calculate the remainder when 18 is divided by g.
8
Let t(b) = -7*b + 1. Let d(s) = s - 2. Let u(c) = 2*c - 2. Let f(p) = -6*d(p) + 5*u(p). Let h be f(-2). What is the remainder when t(h) is divided by 15?
13
Let l = 7 - -5. Suppose -5*o = -129 + 34. Suppose 5*u - 16 = o. What is the remainder when l is divided by u?
5
Suppose 227 = 4*q + 47. Let n = q + -32. What is the remainder when n is divided by (0 - 1)*-7*1?
6
Suppose -4*j + 17 = -3*s, -4*j + s + 1 = -10. Suppose j*k = 7*k - 240. What is the remainder when k is divided by 25?
23
Suppose -2*f = 4*i - 46, 4*i + 80 = -2*f + 6*f. Let r(p) = p**2 - 5*p - 2. What is the remainder when f is divided by r(7)?
9
Let r(h) = h**3 - 13*h**2 + 9*h - 5. Let l(i) = i**2. Let d(m) = 5*l(m) + r(m). Calculate the remainder when 26 is divided by d(7).
8
Let a = 0 + 6. What is the remainder when 10 is divided by a?
4
Let j(o) = -o + 11. Let n be j(11). Suppose -3*k + 4*m + 30 = n, k - 5*m = -0*m + 21. Calculate the remainder when 47 is divided by 92/k - 6/(-9).
15
Suppose -2*i = -0*i - 5*s - 459, s = i - 237. Calculate the remainder when i is divided by 49.
46
Suppose 0*p - 4*n = 2*p - 288, -p + 2*n = -140. Let m be -96 + 2*(-1)/(-2). Let x = p + m. Calculate the remainder when x is divided by 16.
15
Let y(d) = -4*d - 8 + 5*d - 3*d - d**3 + 8*d**2. Calculate the remainder when y(6) is divided by 18.
16
Suppose -3*t - 19 - 2 = 0. Let b(i) = i**2 + 6*i + 2. Let h = 13 - -12. What is the remainder when h is divided by b(t)?
7
Suppose 4*y - 211 = -4*m + 3*y, -m - 2*y = -58. Calculate the remainder when 206 is divided by m.
50
Let b = -34 - -41. Let o = 9 + 4. Calculate the remainder when o is divided by b.
6
Suppose b - 4 - 4 = 0. Calculate the remainder when 13 is divided by b.
5
Let f(n) = -6*n. Let r(z) = z + 1. Calculate the remainder when f(-2) is divided by r(4).
2
Let f be (2/4 + -1)*0. Suppose -2*g = -3*b - 83, f = 3*b + 1 - 10. Calculate the remainder when g is divided by 16.
14
What is the remainder when 78 is divided by 4*-1 + 120/5?
18
Suppose -5*d + 72 = d. Calculate the remainder when d is divided by 1.
0
Let r(b) = -2*b. Suppose 0 = 4*t + 2*z, -z + 3*z = t + 5. Let k = -41 - -44. Calculate the remainder when k is divided by r(t).
1
Suppose 2*m + 4 = 24. Let p = 63 + -36. Calculate the remainder when p is divided by m.
7
Let y(q) = -8*q. Let k be y(-3). Let h = k - 16. What is the remainder when 30 is divided by h?
6
Let l = -35 + 69. Let s(c) = -c**3 - 8*c**2 - 3*c - 15. Calculate the remainder when l is divided by s(-8).
7
Let x = 4 - 9.